thousands digit of 103504?
0
What is the units digit of 30094?
4
What is the tens digit of 267?
6
What is the ten thousands digit of 15213?
1
What is the units digit of 4775?
5
What is the tens digit of 279?
7
What is the thousands digit of 98735?
8
What is the tens digit of 1936?
3
What is the tens digit of 600?
0
What is the thousands digit of 3277?
3
What is the units digit of 3820?
0
What is the thousands digit of 5932?
5
What is the units digit of 9217?
7
What is the thousands digit of 6862?
6
What is the tens digit of 748?
4
What is the units digit of 2662?
2
What is the tens digit of 582?
8
What is the thousands digit of 5089?
5
What is the tens digit of 554?
5
What is the units digit of 33670?
0
What is the units digit of 17010?
0
What is the hundred thousands digit of 130647?
1
What is the tens digit of 6300?
0
What is the thousands digit of 7349?
7
What is the units digit of 164?
4
What is the units digit of 1224?
4
What is the thousands digit of 1588?
1
What is the thousands digit of 5469?
5
What is the hundreds digit of 14933?
9
What is the tens digit of 1087?
8
What is the ten thousands digit of 25320?
2
What is the hundreds digit of 5118?
1
What is the units digit of 3023?
3
What is the tens digit of 5396?
9
What is the hundreds digit of 89892?
8
What is the tens digit of 4214?
1
What is the thousands digit of 3826?
3
What is the units digit of 35118?
8
What is the tens digit of 239?
3
What is the tens digit of 944?
4
What is the hundreds digit of 1544?
5
What is the units digit of 18056?
6
What is the tens digit of 2224?
2
What is the hundreds digit of 5499?
4
What is the hundreds digit of 4844?
8
What is the tens digit of 3236?
3
What is the thousands digit of 128626?
8
What is the hundreds digit of 1341?
3
What is the hundreds digit of 2909?
9
What is the thousands digit of 2375?
2
What is the units digit of 390?
0
What is the tens digit of 28653?
5
What is the hundreds digit of 995?
9
What is the units digit of 1030?
0
What is the units digit of 505?
5
What is the tens digit of 1777?
7
What is the units digit of 3712?
2
What is the hundreds digit of 296?
2
What is the units digit of 118658?
8
What is the tens digit of 11232?
3
What is the tens digit of 561?
6
What is the tens digit of 9929?
2
What is the units digit of 4016?
6
What is the units digit of 10806?
6
What is the ten thousands digit of 10803?
1
What is the tens digit of 6091?
9
What is the tens digit of 86558?
5
What is the tens digit of 59713?
1
What is the units digit of 1037?
7
What is the hundreds digit of 5652?
6
What is the hundreds digit of 11124?
1
What is the units digit of 3500?
0
What is the thousands digit of 7059?
7
What is the units digit of 998?
8
What is the hundreds digit of 6380?
3
What is the tens digit of 65113?
1
What is the hundreds digit of 3399?
3
What is the units digit of 6278?
8
What is the tens digit of 83368?
6
What is the units digit of 19846?
6
What is the tens digit of 51309?
0
What is the ten thousands digit of 77923?
7
What is the hundreds digit of 4960?
9
What is the hundreds digit of 342?
3
What is the units digit of 39569?
9
What is the units digit of 73?
3
What is the units digit of 1090?
0
What is the hundreds digit of 257?
2
What is the hundreds digit of 1047?
0
What is the units digit of 9642?
2
What is the hundreds digit of 294?
2
What is the hundreds digit of 4137?
1
What is the hundreds digit of 1761?
7
What is the tens digit of 7529?
2
What is the thousands digit of 16698?
6
What is the hundreds digit of 676?
6
What is the units digit of 59465?
5
What is the thousands digit of 21216?
1
What is the hundreds digit of 702?
7
What is the ten thousands digit of 12289?
1
What is the thousands digit of 3094?
3
What is the hundreds digit of 15918?
9
What is the tens digit of 24441?
4
What is the hundreds digit of 3753?
7
What is the thousands digit of 15832?
5
What is the thousands digit of 6746?
6
What is the units digit of 36768?
8
What is the hundreds digit of 3212?
2
What is the thousands digit of 5936?
5
What is the tens digit of 1839?
3
What is the units digit of 69690?
0
What is the thousands digit of 84908?
4
What is the units digit of 745?
5
What is the units digit of 42733?
3
What is the hundreds digit of 3649?
6
What is the thousands digit of 15892?
5
What is the thousands digit of 2367?
2
What is the tens digit of 2055?
5
What is the hundreds digit of 1343?
3
What is the thousands digit of 4425?
4
What is the hundreds digit of 1993?
9
What is the units digit of 1048?
8
What is the hundreds digit of 43579?
5
What is the hundreds digit of 19194?
1
What is the tens digit of 16945?
4
What is the units digit of 486?
6
What is the units digit of 88449?
9
What is the tens digit of 22?
2
What is the hundred thousands digit of 154481?
1
What is the hundreds digit of 39955?
9
What is the hundreds digit of 1110?
1
What is the hundreds digit of 7608?
6
What is the tens digit of 54310?
1
What is the units digit of 1335?
5
What is the hundreds digit of 3571?
5
What is the tens digit of 5659?
5
What is the hundreds digit of 20200?
2
What is the thousands digit of 3911?
3
What is the units digit of 41146?
6
What is the tens digit of 71019?
1
What is the hundreds digit of 1138?
1
What is the hundreds digit of 1733?
7
What is the tens digit of 1279?
7
What is the tens digit of 73?
7
What is the units digit of 6272?
2
What is the units digit of 874?
4
What is the thousands digit of 3809?
3
What is the ten thousands digit of 48826?
4
What is the thousands digit of 28332?
8
What is the units digit of 547?
7
What is the units digit of 470?
0
What is the tens digit of 639?
3
What is the thousands digit of 2908?
2
What is the tens digit of 7695?
9
What is the tens digit of 13976?
7
What is the units digit of 2410?
0
What is the hundreds digit of 6185?
1
What is the thousands digit of 13821?
3
What is the ten thousands digit of 25532?
2
What is the units digit of 1555?
5
What is the units digit of 12464?
4
What is the units digit of 4734?
4
What is the units digit of 11258?
8
What is the thousands digit of 1392?
1
What is the thousands digit of 79162?
9
What is the tens digit of 51005?
0
What is the thousands digit of 29722?
9
What is the tens digit of 27599?
9
What is the ten thousands digit of 180985?
8
What is the tens digit of 321?
2
What is the thousands digit of 3157?
3
What is the units digit of 4416?
6
What is the units digit of 30696?
6
What is the units digit of 38846?
6
What is the thousands digit of 49875?
9
What is the tens digit of 66149?
4
What is the units digit of 832?
2
What is the hundreds digit of 405?
4
What is the hundreds digit of 10512?
5
What is the hundreds digit of 51618?
6
What is the tens digit of 3364?
6
What is the units digit of 2123?
3
What is the ten thousands digit of 32320?
3
What is the hundreds digit of 1147?
1
What is the tens digit of 1566?
6
What is the thousands digit of 5193?
5
What is the thousands digit of 44121?
4
What is the units digit of 8107?
7
What is the hundreds digit of 708?
7
What is the hundreds digit of 2685?
6
What is the units digit of 3321?
1
What is the units digit of 1295?
5
What is the tens digit of 716?
1
What is the thousands digit of 1274?
1
What is the units digit of 23808?
8
What is the tens digit of 246?
4
What is the ten thousands digit of 23606?
2
What is the thousands digit of 1605?
1
What is the tens digit of 16057?
5
What is the thousands digit of 10761?
0
What is the tens digit of 5334?
3
What is the thousands digit of 13544?
3
What is the units digit of 206?
6
What is the tens digit of 1885?
8
What is the hundreds digit of 1035?
0
What is the ten thousands digit of 23167?
2
What is the tens digit of 59?
5
What is the thousands digit of 84009?
4
What is the units digit of 1859?
9
What is the hundreds digit of 3566?
5
What is the units digit of 11540?
0
What is the hundreds digit of 274?
2
What is the units digit of 423?
3
What is the hundreds digit of 6494?
4
What is the units digit of 60354?
4
What is the units digit of 1239?
9
What is the thousands digit of 4892?
4
What is the tens digit of 4519?
1
What is the hundreds digit of 600?
6
What is the units digit of 2564?
4
What is the ten thousands digit of 70206?
7
What is the thousands digit of 29510?
9
What is t